
Is 9973 composite?
False
Is 100043 a composite number?
False
Is 7681 composite?
False
Is 32699 composite?
True
Is 20921 composite?
False
Is 94513 a composite number?
False
Is 5449 a prime number?
True
Is 841541 prime?
True
Is 43633 composite?
False
Is 105758 composite?
True
Is 8009 composite?
False
Is 141101 a prime number?
True
Is 2599 a composite number?
True
Is 13961 a composite number?
True
Is 9239 prime?
True
Is 167507 a prime number?
False
Is 5207 composite?
True
Is 14815 composite?
True
Is 75379 prime?
False
Is 214283 a composite number?
False
Is 28115 composite?
True
Is 203843 composite?
False
Is 28319 a composite number?
False
Is 360097 prime?
False
Is 7789 prime?
True
Is 293671 prime?
False
Is 16877 prime?
False
Is 419087 a prime number?
True
Is 130706 prime?
False
Is 15259 prime?
True
Is 116189 composite?
False
Is 28043 a composite number?
True
Is 1139387 composite?
False
Is 442061 a prime number?
True
Is 846091 a composite number?
True
Is 73547 composite?
False
Is 243343 a prime number?
True
Is 797 a prime number?
True
Is 73657 composite?
True
Is 8501 prime?
True
Is 612553 prime?
True
Is 7747 prime?
False
Is 545521 prime?
True
Is 107269 a prime number?
True
Is 21977 prime?
True
Is 11157 a prime number?
False
Is 392381 a prime number?
False
Is 3019 composite?
False
Is 19831 a composite number?
True
Is 247021 a prime number?
False
Is 5051 a composite number?
False
Is 3687 a composite number?
True
Is 87991 a prime number?
True
Is 238673 a composite number?
False
Is 1425029 a composite number?
False
Is 73373 a prime number?
False
Is 317962 a composite number?
True
Is 439885 a composite number?
True
Is 5911 composite?
True
Is 1294697 a composite number?
True
Is 6689 composite?
False
Is 2757 prime?
False
Is 47942 composite?
True
Is 78005 composite?
True
Is 160103 a prime number?
False
Is 39329 prime?
False
Is 35639 prime?
False
Is 15401 a prime number?
True
Is 13259 a prime number?
True
Is 26333 composite?
True
Is 21083 a prime number?
False
Is 538 a prime number?
False
Is 2819 a composite number?
False
Is 11579 a prime number?
True
Is 6469 composite?
False
Is 7571 composite?
True
Is 21674 a composite number?
True
Is 18923 a composite number?
True
Is 116371 a prime number?
True
Is 1844287 a composite number?
False
Is 572937 prime?
False
Is 2386 a prime number?
False
Is 52163 composite?
False
Is 12049 composite?
False
Is 62845 composite?
True
Is 438139 composite?
True
Is 1399 a prime number?
True
Is 49051 prime?
False
Is 631 a composite number?
False
Is 129377 composite?
True
Is 604951 a prime number?
False
Is 590773 a prime number?
False
Is 1657783 a composite number?
False
Is 23939 prime?
False
Is 1707 prime?
False
Is 24793 prime?
True
Is 54973 composite?
False
Is 31363 a composite number?
True
Is 1584227 composite?
False
Is 669607 prime?
True
Is 3713 prime?
False
Is 7971 a prime number?
False
Is 122347 composite?
False
Is 657205 composite?
True
Is 588277 prime?
True
Is 13567 prime?
True
Is 47933 composite?
False
Is 1987 composite?
False
Is 1684667 composite?
False
Is 2815 composite?
True
Is 847391 a prime number?
False
Is 243799 a prime number?
True
Is 127951 a prime number?
True
Is 449 composite?
False
Is 473257 a prime number?
True
Is 2917 composite?
False
Is 5951983 composite?
False
Is 394337 a prime number?
False
Is 105707 a composite number?
True
Is 7762 prime?
False
Is 50449 a composite number?
True
Is 24737 a composite number?
True
Is 7621 a prime number?
True
Is 284857 a prime number?
True
Is 1337201 a composite number?
True
Is 316493 prime?
True
Is 78919 a composite number?
False
Is 2503 composite?
False
Is 59747 prime?
True
Is 276707 a prime number?
True
Is 17291 a prime number?
True
Is 104513 a prime number?
True
Is 740119 a composite number?
True
Is 90899 prime?
False
Is 357841 prime?
False
Is 2181043 composite?
True
Is 1031549 composite?
False
Is 331 a composite number?
False
Is 1663249 a prime number?
False
Is 127 a prime number?
True
Is 22343 a composite number?
False
Is 3426359 composite?
False
Is 127 a prime number?
True
Is 10481 a prime number?
False
Is 58601 a composite number?
False
Is 106387 a prime number?
False
Is 52522 prime?
False
Is 511259 prime?
False
Is 17123 prime?
True
Is 10877 a composite number?
True
Is 63977 a prime number?
True
Is 201415 prime?
False
Is 65899 a composite number?
False
Is 25339 prime?
True
Is 19367 a prime number?
False
Is 8563 composite?
False
Is 57329 composite?
False
Is 971 a prime number?
True
Is 3299 a prime number?
True
Is 53297 prime?
False
Is 46711 prime?
False
Is 131357 composite?
False
Is 14789 a prime number?
False
Is 121039 a prime number?
True
Is 967 composite?
False
Is 260031 a composite number?
True
Is 161107 a prime number?
False
Is 21703 composite?
True
Is 1874 a composite number?
True
Is 90807 a prime number?
False
Is 800491 prime?
False
Is 1342049 prime?
True
Is 779063 prime?
True
Is 3127 a prime number?
False
Is 1477 composite?
True
Is 8407 composite?
True
Is 57445 composite?
True
Is 110599 a composite number?
True
Is 36493 a prime number?
True
Is 319 composite?
True
Is 16673 composite?
False
Is 69953 a composite number?
True
Is 7117 composite?
True
Is 1267 composite?
True
Is 6937 a composite number?
True
Is 23597 prime?
False
Is 136931 composite?
True
Is 1246561 a composite number?
False
Is 28387 composite?
False
Is 22861 prime?
True
Is 1931 a composite number?
False
Is 8327 a composite number?
True
Is 882199 a composite number?
False
Is 44539 a composite number?
True
Is 31777 a prime number?
False
Is 257059 a composite number?
True
Is 18687 a prime number?
False
Is 127 a prime number?
True
Is 22107 a composite number?
True
Is 224837 a prime number?
False
Is 1727533 a composite number?
False
Is 518579 prime?
True
Is 279503 composite?
True
Is 641534 composite?
True
Is 514147 composite?
False
Is 2591149 a prime number?
False
Is 912083 a composite number?
False
Is 261509 prime?
True
Is 43499 composite?
False
Is 101909 a prime number?
False
Is 883919 a prime number?
False
Is 1361 a composite number?
False
Is 925823 composite?
False
Is 1512727 prime?
False
Is 11579 a prime number?
True
Is 22993 composite?
False
Is 193811 a composite number?
False
Is 24071 prime?
True
Is 665387 composite?
False
Is 25611 a prime number?
False
Is 451 prime?
False
Is 4882 a composite number?
True
Is 31431 composite?
True
Is 5357 a composite number?
True
Is 11197 a prime number?
True
Is 5713 a composite number?
True
Is 12527 a composite number?
False
Is 610679 a composite number?
True
Is 171023 composite?
False
Is 448421 prime?
True
Is 318613 prime?
False
Is 1731701 prime?
True
Is 1190239 a composite number?
True
Is 3833 prime?
True
Is 286927 a prime number?
True
Is 1563937 prime?
True
Is 2747959 composite?
False
Is 38903 composite?
False
Is 233837 a prime number?
True
Is 1628159 composite?
True
Is 9983 prime?
False
Is 2554 a prime number?
False
Is 66169 prime?
True
Is 5779 prime?
True
Is 3321149 prime?
False
Is 551179 prime?
True
Is 11062 a prime number?
False
Is 149207 composite?
True
Is 35617 a composite number?
False
Is 166441 prime?
False
Is 1863622 a prime number?
False
Is 821 composite?
False
Is 31121 a composite number?
False
Is 164173 a prime number?
True
Is 2459 a composite number?
False
Is 276623 prime?
True
Is 208703 a prime number?
False
Is 4909 prime?
True
Is 8791 composite?
True
Is 632843 composite?
False
Is 32353 composite?
False
Is 34541 prime?
False
Is 545869 a prime number?
False
Is 69985 a composite number?
True
Is 125527 a prime number?
True
Is 67033 prime?
True
Is 916361 prime?
True
Is 1567 prime?
True
Is 17521 a prime number?
False
Is 28181 prime?
True
Is 27997 a composite number?
False
Is 80309 prime?
True
Is 243653 composite?
True
Is 14699 a prime number?
True
Is 35363 a composite number?
False
Is 24811 a prime number?
False
Is 76999 prime?
False
Is 1093562 prime?
False
Is 755779 prime?
False
Is 15683 a prime number?
True
Is 1969499 composite?
True
Is 76493 composite?
False
Is 9533 a prime number?
True
Is 9661 composite?
False
Is 257741 a prime number?
False
Is 169987 a composite number?
False
Is 3543 prime?
False
Is 175121 prime?
False
Is 2436766 composite?
True
Is 7081 a composite number?
True
Is 27037 composite?
True
Is 120093 composite?
True
Is 838 prime?
Fa